
-3
Let h(u) = u**2 - 4*u + 4. Let l(c) = 1 + c - 8*c + c**2 + 3 + 2*c. Let s be l(5). What is h(s)?
4
Let x = -5 + 10. Let z(j) = 0 + j**2 - 3 + 5 - 6*j. Calculate z(x).
-3
Let t(o) = -2*o**3 + 10*o**2 + 15*o + 23. Let v(f) = f**3 - 5*f**2 - 7*f - 11. Let i(w) = -3*t(w) - 7*v(w). What is i(6)?
-4
Let s(v) = 2*v + 4. Let d = 0 - 0. Suppose d*u = 2*u + 10. What is s(u)?
-6
Let p(n) be the third derivative of -n**6/30 + n**5/30 - n**4/24 - 16*n**2. What is p(1)?
-3
Let s(d) = -d - 3. Let p be s(-3). Let w(z) = 4*z + 1. Let y be ((-24)/36)/(2/9). Let a(i) = 9*i + 1. Let o(j) = y*a(j) + 7*w(j). Give o(p).
4
Let a(v) = v**2 - 3*v + 3. Suppose 0*p - 21 = -7*p. Let m(k) = -2*k + 2*k - 2 + 5*k - k**2. Let n be m(p). Determine a(n).
7
Suppose 3*q = 2*q - 5, -3*p = 2*q + 22. Let t(z) = -z**3 - 6*z**2 - 6*z - 1. What is t(p)?
-9
Let n(b) = -b - 1. Let g be (2/(-5))/((-3)/15). Let p(d) = -d**g + 7*d**2 - 1 + 0*d**2. Let u be p(-1). Determine n(u).
-6
Let x(w) = 15*w - 2. Let i(z) = 7*z - 1. Let d(u) = -13*i(u) + 6*x(u). What is d(-7)?
8
Suppose -5*s + 0*s + 25 = 0. Let o(w) = 3*w**2 + 2*w + 1. Let f be o(-1). Let t(y) = -y. Let x(r) = 6*r - 1. Let z(g) = f*x(g) + 11*t(g). Determine z(s).
3
Let u(w) = w**2 - 4*w + 2. Let h be (-2 - (-3)/2)*0. Let a(j) = -j + 11. Let i be a(8). Suppose -n + h*n = -i. Calculate u(n).
-1
Let a(k) = 2*k**2 - 1. Let y = 9 + -7. What is a(y)?
7
Let p(z) = 4*z + 2. Let j(r) = -5*r - 3. Suppose -5*k - 3 = 4*s, -k - 4*s + 7 + 2 = 0. Let a(b) = k*j(b) - 4*p(b). Calculate a(-1).
2
Let d(j) be the second derivative of j**3/2 - j**2/2 - 3*j. Give d(-2).
-7
Let k(x) be the second derivative of x**3/6 + x**2 + 8*x. Suppose 2*m - 7 = 3. What is k(m)?
7
Let d(m) be the first derivative of 3*m**5/20 - m**4/12 + 2*m + 1. Let u(p) be the first derivative of d(p). Suppose 0 = -4*r - 2 + 6. What is u(r)?
2
Let g(p) be the third derivative of -p**6/120 + p**5/15 - p**4/6 + p**3/2 - 10*p**2. Determine g(3).
0
Let o = -43 - -41. Let q(x) = x**2 + 2*x. Give q(o).
0
Let b(v) = 1 - 2*v**3 + v - 4*v**2 - 2 + 3*v**3. Let g be 1/(-5) - (-32)/10. What is b(g)?
-7
Let w(x) = -x + 4. Let f be (-40)/(-22) + (-10)/(-55). Suppose 4*p = -4*n - 0 - 32, 0 = -f*n + 2*p + 4. Calculate w(n).
7
Let u(f) = -f**3 - 5*f**2 - 5*f + 3. Suppose g - 3*z = -13, -8 = 5*g + 4*z - 0. Determine u(g).
7
Let v be 8 + (0 - 0) + -2. Let k be ((-2)/v)/((-3)/27). Let f(g) = -2 + k*g**3 + 3*g**3 - 4*g**3 - g - g**3. Give f(0).
-2
Let a(g) = -g**3 - g**2 - 1. Let u(l) = -5*l**3 - 11*l**2 - 6*l - 7. Let n(j) = -6*a(j) + u(j). What is n(6)?
-1
Let w be (1/2)/(1/(-26)). Let y = w + 14. Let f(x) = 7*x**2 + 2*x - 1. What is f(y)?
8
Let z = 30 - 21. Let d = z + -3. Let u(o) = o - 6. Determine u(d).
0
Let f(q) = -q**3 + 7*q**2 - 3*q + 1. Let x = 8 + -2. Give f(x).
19
Let x be (-16)/(-20)*(-65)/2. Let q be (-96)/(-52) - 4/x. Let l(j) = 2 - 2*j + j + 0*j. Give l(q).
0
Let a(j) = 3*j - 11. Let y(s) = s - 2. Let z(n) = a(n) - 6*y(n). Give z(-4).
13
Let n(y) = y**2 + 4*y + 4. Let f = 1 - 4. Let c be n(f). Let u(s) = 6*s. Determine u(c).
6
Let d(j) be the first derivative of 2*j**3/3 - j + 26. Determine d(-1).
1
Let u(d) = -d - 5. Let c be u(-11). Let w(x) = x**2 - 5*x + 3. Calculate w(c).
9
Let x(r) be the first derivative of -r**2 + 7*r + 9. Calculate x(5).
-3
Let c(u) = -3*u + 4. Let p = -51 - -54. Determine c(p).
-5
Suppose -l + 23 - 8 = -5*c, -3*l + 12 = -4*c. Let y(w) be the second derivative of w**4/12 + w**3/6 + 5*w**2/2 - 2*w. Calculate y(l).
5
Let k(w) = w**3 + 3*w**2 - w + 3. Let v = 32 + -35. Give k(v).
6
Let l(h) = -2*h + 2. Let a(w) = -w - 4. Let x be a(-4). Let y be x/((-1 + 2)/1). Suppose y = j + 4*j + 10. Calculate l(j).
6
Suppose -2*o = -0*o - 34. Suppose -3*l = -4*d - o - 0, 2*d = -2*l + 2. Let k(s) = -4*s - 3. Give k(d).
5
Let v(b) be the first derivative of 1/3*b**3 + b**2 - 4*b + 3. Suppose 0*k = -k - 3. What is v(k)?
-1
Let k(j) = j**3 - j - 1. Let l(d) = 3*d - 6*d + 2 + 4*d. Let z be l(-2). Let h be (-3 + 1 + z)/1. Determine k(h).
-7
Let l(c) = -c**3 - 4*c**2 + 3*c - 1. Let i be (-1)/(-4) + 565/(-20). Let r = i - -43. Suppose 2*a = -a - r. Calculate l(a).
9
Let n(v) = v**3 + v + 7. Let k(w) = w - 6. Let z be k(6). Give n(z).
7
Let s(m) be the first derivative of m**2/2 - 2*m + 5. Calculate s(0).
-2
Suppose -g + 2*w = 4*w + 3, -3*g - 2*w - 5 = 0. Let z = 1 - g. Let l(b) = -4 + 1 - b**z + 2. What is l(2)?
-5
Let v(j) = 7*j - 2. Let n be v(2). Let z be ((-3)/9)/((-2)/18). Suppose -z*b = -b - n. Let r(d) = d**2 - 4*d - 5. Determine r(b).
7
Let l = 22 + -16. Suppose l*z - 10 = z. Let u(y) = -4*y**2 + 2*y + 4*y**2 + 7 - y**z. Determine u(5).
-8
Let r = 10 + -6. Let o(p) = 4*p - 6. Determine o(r).
10
Suppose 2*j - 5*z = 10, -4*z = -5*j - 16 + 7. Let o(a) = -3*a + 7. Let k(b) = -2*b + 6. Let x(n) = -5*k(n) + 4*o(n). Determine x(j).
8
Let c = -115799/120 + 965. Let r(t) be the third derivative of -c*t**6 - 1/2*t**3 - 2*t**2 + 0 + 0*t + 1/8*t**4 - 1/20*t**5. Calculate r(-4).
1
Let j(x) be the third derivative of -x**4/6 - x**3/2 - 2*x**2. Let d(k) = 5. Let b(m) = 4. Let f(y) = -4*b(y) + 3*d(y). Let s(n) = 4*f(n) - j(n). Give s(-1).
-5
Suppose -q - 5*b = -5*q - 8, -2*q = 4*b + 4. Let p = q + -2. Let x(k) = -k**2 - 5*k - 3. What is x(p)?
1
Let d = 8 + -5. Suppose 0*n = d*n. Let w(g) = g**2 + 3. Let l(m) = 2*m**2 + 6. Let s(h) = -6*l(h) + 11*w(h). Give s(n).
-3
Let d(o) = 1 + 0*o + 7*o - 14*o + 8*o. Calculate d(5).
6
Let i(h) be the second derivative of h**5/20 + h**4/4 - 5*h**3/6 - 2*h**2 + 2*h. Determine i(-4).
0
Let p(l) be the first derivative of l**3/3 - 4*l**2 - 5*l - 3. Let h be p(9). Let j(f) = -2*f + 3. Give j(h).
-5
Let a(w) = w**2 - w + 4. Let p(n) = -n**3 - 4*n**2 - 2*n + 3. Let z be p(-3). Suppose z*x + 15 = 3*x. Suppose -5*v - 25 = 2*m - m, 5*m + x = -v. What is a(m)?
4
Let f(u) = -3*u. Let v(n) = -3*n - 5. Let k be v(-5). Suppose x - 4*r - 16 = 0, -2*x + 9 + k = 5*r. Suppose -4*c + 4*z = -x, -6*c + c = 5*z + 5. Determine f(c).
-3
Suppose f + 1 = k, -f - k = 3*k - 14. Let y(t) = t**f - 3*t + t**3 - 2*t + 4*t + 7*t**3 + 1. Calculate y(1).
9
Suppose 0 = 4*x + 45 - 53. Let f(l) = l**3 - l**2 + 2. What is f(x)?
6
Let u(o) be the third derivative of -1/60*o**5 - 3*o**2 + 0 + 5/24*o**4 + 1/2*o**3 + 0*o. What is u(4)?
7
Let u(c) = 20*c + 0*c**2 - 349*c**2 + 71*c + 50*c**2. Let g(n) = -13*n**2 + 4*n. Let m(y) = -91*g(y) + 4*u(y). What is m(-1)?
-13
Let w(n) = n**3 - 6*n**2 + 7*n - 4. Let x(u) = -u - 8. Let b be x(-12). Give w(b).
-8
Let u(k) be the first derivative of -2 - 1/2*k**2 - 1/12*k**4 + 0*k**3 - 3*k. Let s(d) be the first derivative of u(d). Give s(1).
-2
Let s(h) = -h**2 + h + 4. Suppose -2*z + 2 = -k - 3*k, 4*k + 2*z - 2 = 0. Determine s(k).
4
Let m(v) be the first derivative of v**2/2 + 9*v + 1. Let r(x) be the first derivative of x**2/2 - 2*x - 3. Let j be r(-3). Calculate m(j).
4
Let f(c) be the third derivative of c**4/12 - 5*c**3/6 + c**2. Let i(z) = z - 3. Let n(j) = -6*f(j) + 11*i(j). Calculate n(-4).
1
Suppose -2*j + 13 + 5 = 0. Let l be 2/(-6) - 42/j. Let g(c) = c + 11. Determine g(l).
6
Let h(g) = -g**3 - 6*g**2 - 6*g - 1. Let s(c) = c**3 + 7*c**2 - 7*c + 7. Let q be s(-8). Let r(m) = -6*m**2 - 2*m - 1. Let v be r(q). Calculate h(v).
4
Let f(s) be the first derivative of -s**2/2 + 2*s - 1. Let y(p) = -p + 7. Let x be (-38)/(-14) - 16/(-56). Let b be y(x). Determine f(b).
-2
Suppose -9 = -2*j - 1, 4*o - 4*j = -16. Suppose u + o = 3. Suppose u*f + 8 = -2*l + l, -5*l - 20 = -5*f. Let n(d) = d + 2. Calculate n(f).
1
Let z(m) be the third derivative of -m**4/24 - 2*m**3/3 - m**2. Determine z(-3).
-1
Suppose -2*q = 2*j - j + 4, 0 = 3*j + 2*q. Suppose j*s = -s. Let m(d) = -d**2 + 0*d**3 - d**3 + 4 + 0*d**3. Give m(s).
4
Suppose 3*d - 3*k - 3 = 0, 6 = -3*d + 2*k + 4. Let p be 9/(-3) - d - -1. Let b(x) = 2*x - 2. Determine b(p).
2
Let u(l) = -l**2 + 3*l + 1. Suppose 2*n + 2*n - 16 = 0. Let z(q) = -n*q + 2*q + q. Let p be z(-3). Determine u(p).
1
Let b = 1 - -4. Let r(n) be the third derivative of -2/3*n**3 + 3*n**2 + 0*n + 1/12*n**4 + 0. Determine r(b).
6
Let h be (1 + 1)*(-10)/4. Let l be 6/(-9)*6/(-2). Let b(y) = 2*y**2 - y - 7*y**2 + l*y - y**3 + 3. Give b(h).
-2
Let n(p) = -21*p**3 + 9*p**3 + 11*p**3. What is n(-1)?
1
Let j(k) = -4*k**2 + 7*k - 8. Let h(v) = -9